 17, 19
What are the prime factors of 1449?
3, 7, 23
List the prime factors of 791.
7, 113
List the prime factors of 3315.
3, 5, 13, 17
What are the prime factors of 1395?
3, 5, 31
What are the prime factors of 5284?
2, 1321
What are the prime factors of 3106?
2, 1553
List the prime factors of 32421.
3, 101, 107
What are the prime factors of 52084?
2, 29, 449
List the prime factors of 39756.
2, 3, 3313
What are the prime factors of 1039?
1039
What are the prime factors of 106251?
3, 107, 331
List the prime factors of 13461.
3, 7, 641
What are the prime factors of 934?
2, 467
What are the prime factors of 68508?
2, 3, 11, 173
What are the prime factors of 5393?
5393
List the prime factors of 2732.
2, 683
List the prime factors of 11496.
2, 3, 479
What are the prime factors of 34272?
2, 3, 7, 17
List the prime factors of 9962.
2, 17, 293
List the prime factors of 20733.
3, 6911
List the prime factors of 9951.
3, 31, 107
List the prime factors of 1459.
1459
List the prime factors of 8044.
2, 2011
List the prime factors of 92980.
2, 5, 4649
What are the prime factors of 612?
2, 3, 17
List the prime factors of 37039.
37039
List the prime factors of 1641.
3, 547
List the prime factors of 1403.
23, 61
What are the prime factors of 28123?
28123
List the prime factors of 18896.
2, 1181
What are the prime factors of 394?
2, 197
What are the prime factors of 1168?
2, 73
What are the prime factors of 1452?
2, 3, 11
What are the prime factors of 7794?
2, 3, 433
What are the prime factors of 31463?
73, 431
List the prime factors of 518.
2, 7, 37
What are the prime factors of 470?
2, 5, 47
What are the prime factors of 5005?
5, 7, 11, 13
List the prime factors of 3249.
3, 19
What are the prime factors of 10539?
3, 1171
List the prime factors of 1647.
3, 61
List the prime factors of 431.
431
List the prime factors of 1060.
2, 5, 53
List the prime factors of 1380.
2, 3, 5, 23
List the prime factors of 2792.
2, 349
What are the prime factors of 38938?
2, 19469
What are the prime factors of 3263?
13, 251
List the prime factors of 78090.
2, 3, 5, 19, 137
List the prime factors of 271.
271
List the prime factors of 135645.
3, 5, 9043
List the prime factors of 32951.
83, 397
What are the prime factors of 6644?
2, 11, 151
List the prime factors of 5564.
2, 13, 107
What are the prime factors of 1125?
3, 5
What are the prime factors of 23938?
2, 11969
What are the prime factors of 16690?
2, 5, 1669
What are the prime factors of 268?
2, 67
List the prime factors of 10293.
3, 47, 73
What are the prime factors of 379?
379
What are the prime factors of 6027?
3, 7, 41
What are the prime factors of 46657?
13, 37, 97
List the prime factors of 58239.
3, 719
What are the prime factors of 2412?
2, 3, 67
List the prime factors of 24286.
2, 12143
List the prime factors of 17652.
2, 3, 1471
What are the prime factors of 171349?
53, 61
What are the prime factors of 1110?
2, 3, 5, 37
List the prime factors of 893.
19, 47
List the prime factors of 52918.
2, 26459
What are the prime factors of 523?
523
List the prime factors of 7411.
7411
What are the prime factors of 42848?
2, 13, 103
What are the prime factors of 75262?
2, 11, 311
List the prime factors of 315.
3, 5, 7
List the prime factors of 5292.
2, 3, 7
List the prime factors of 1638.
2, 3, 7, 13
What are the prime factors of 1086?
2, 3, 181
List the prime factors of 9416.
2, 11, 107
List the prime factors of 1803.
3, 601
List the prime factors of 115034.
2, 113, 509
What are the prime factors of 20814?
2, 3, 3469
What are the prime factors of 1065?
3, 5, 71
List the prime factors of 325.
5, 13
List the prime factors of 6774.
2, 3, 1129
List the prime factors of 28488.
2, 3, 1187
List the prime factors of 98.
2, 7
What are the prime factors of 3156?
2, 3, 263
What are the prime factors of 1791?
3, 199
What are the prime factors of 32536?
2, 7, 83
List the prime factors of 90.
2, 3, 5
List the prime factors of 2858.
2, 1429
What are the prime factors of 57325?
5, 2293
List the prime factors of 15.
3, 5
What are the prime factors of 3336?
2, 3, 139
What are the prime factors of 5584?
2, 349
List the prime factors of 90300.
2, 3, 5, 7, 43
What are the prime factors of 31387?
31387
List the prime factors of 43574.
2, 21787
List the prime factors of 14019.
3, 4673
What are the prime factors of 6906?
2, 3, 1151
List the prime factors of 92057.
7, 13151
What are the prime factors of 1622?
2, 811
List the prime factors of 7329.
3, 7, 349
List the prime factors of 76092.
2, 3, 17, 373
List the prime factors of 7892.
2, 1973
What are the prime factors of 919?
919
List the prime factors of 10716.
2, 3, 19, 47
List the prime factors of 839.
839
List the prime factors of 138334.
2, 7, 41, 241
What are the prime factors of 12351?
3, 23, 179
List the prime factors of 99535.
5, 17, 1171
What are the prime factors of 18572?
2, 4643
List the prime factors of 6608.
2, 7, 59
List the prime factors of 6105.
3, 5, 11, 37
What are the prime factors of 111235?
5, 22247
List the prime factors of 11729.
37, 317
List the prime factors of 56618.
2, 28309
List the prime factors of 15398.
2, 7699
What are the prime factors of 3556?
2, 7, 127
List the prime factors of 10008.
2, 3, 139
List the prime factors of 5654.
2, 11, 257
List the prime factors of 4670.
2, 5, 467
What are the prime factors of 1005?
3, 5, 67
What are the prime factors of 636?
2, 3, 53
What are the prime factors of 96582?
2, 3, 16097
List the prime factors of 378.
2, 3, 7
List the prime factors of 38324.
2, 11, 13, 67
What are the prime factors of 5234?
2, 2617
List the prime factors of 68781.
3, 101, 227
List the prime factors of 26289.
3, 23, 127
List the prime factors of 5914.
2, 2957
List the prime factors of 1730.
2, 5, 173
What are the prime factors of 239?
239
List the prime factors of 74366.
2, 19, 103
What are the prime factors of 4903?
4903
List the prime factors of 38550.
2, 3, 5, 257
List the prime factors of 2324.
2, 7, 83
What are the prime factors of 60930?
2, 3, 5, 677
List the prime factors of 16479.
3, 1831
What are the prime factors of 763?
7, 109
List the prime factors of 1018.
2, 509
List the prime factors of 21316.
2, 73
List the prime factors of 26569.
163
List the prime factors of 3878.
2, 7, 277
List the prime factors of 2919.
3, 7, 139
What are the prime factors of 931?
7, 19
What are the prime factors of 47265?
3, 5, 23, 137
What are the prime factors of 1567?
1567
List the prime factors of 623.
7, 89
What are the prime factors of 7622?
2, 37, 103
List the prime factors of 2878.
2, 1439
What are the prime factors of 36757?
7, 59, 89
What are the prime factors of 10877?
73, 149
What are the prime factors of 827?
827
What are the prime factors of 753?
3, 251
List the prime factors of 55624.
2, 17, 409
List the prime factors of 42587.
37, 1151
What are the prime factors of 1741?
1741
List the prime factors of 8745.
3, 5, 11, 53
List the prime factors of 558.
2, 3, 31
List the prime factors of 57554.
2, 7, 4111
What are the prime factors of 130756?
2, 97, 337
List the prime factors of 2097.
3, 233
List the prime factors of 108617.
47, 2311
List the prime factors of 9596.
2, 2399
List the prime factors of 1246.
2, 7, 89
What are the prime factors of 34112?
2, 13, 41
List the prime factors of 299.
13, 23
What are the prime factors of 1251?
3, 139
What are the prime factors of 20630?
2, 5, 2063
List the prime factors of 39286.
2, 13, 1511
What are the prime factors of 598?
2, 13, 23
List the prime factors of 79473.
3, 59, 449
What are the prime factors of 3735?
3, 5, 83
List the prime factors of 93.
3, 31
What are the prime factors of 101341?
101341
What are the prime factors of 5852?
2, 7, 11, 19
What are the prime factors of 81363?
3, 37, 733
What are the prime factors of 2415?
3, 5, 7, 23
List the prime factors of 1118.
2, 13, 43
What are the prime factors of 55449?
3, 61, 101
What are the prime factors of 471?
3, 157
List the prime factors of 1995.
3, 5, 7, 19
What are the prime factors of 91532?
2, 7, 467
What are the prime factors of 2798?
2, 1399
List the prime factors of 5507.
5507
What are the prime factors of 1552?
2, 97
What are the prime factors of 1691?
19, 89
List the prime factors of 49593.
3, 61, 271
What are the prime factors of 1801?
1801
What ar